t is the greatest common factor of 1971957 and 12855?
2571
Calculate the highest common factor of 202315828 and 220.
44
What is the highest common divisor of 172484 and 111514?
26
Calculate the highest common divisor of 464 and 1924904.
232
Calculate the greatest common factor of 109195490 and 305.
305
What is the greatest common divisor of 544425 and 5160435?
1785
What is the highest common factor of 8370 and 2489238?
1674
Calculate the greatest common factor of 3345 and 313254790.
1115
What is the greatest common factor of 2284111 and 3038?
31
Calculate the highest common divisor of 656 and 15515958.
82
Calculate the greatest common divisor of 2319 and 44012301.
2319
Calculate the highest common divisor of 3840 and 43710960.
240
What is the highest common factor of 195669138 and 56?
14
Calculate the greatest common factor of 10105 and 14318.
1
What is the highest common divisor of 25081 and 60179?
7
Calculate the highest common factor of 574 and 90800404.
82
Calculate the greatest common divisor of 138780 and 936.
36
What is the greatest common factor of 299330 and 676582?
74
What is the greatest common divisor of 1120 and 34562535?
35
Calculate the highest common factor of 3300 and 136786100.
1100
Calculate the highest common factor of 528 and 1736922.
66
Calculate the greatest common divisor of 119983444 and 14.
14
What is the greatest common factor of 149873692 and 872?
436
Calculate the highest common divisor of 528245778 and 18.
6
Calculate the highest common factor of 3212 and 7121588.
292
Calculate the highest common divisor of 951366 and 5616.
78
What is the greatest common factor of 3600 and 34985800?
200
What is the highest common factor of 347328 and 2640?
48
What is the highest common factor of 10824 and 2931336?
984
Calculate the highest common factor of 45369879 and 137.
137
Calculate the greatest common divisor of 962 and 3717701.
13
Calculate the greatest common divisor of 74696832 and 18816.
2688
What is the highest common factor of 31662 and 1908?
18
Calculate the highest common factor of 201657858 and 1374.
1374
What is the greatest common divisor of 163428596 and 195634?
6746
Calculate the greatest common divisor of 32811566 and 2946.
982
Calculate the greatest common factor of 160593 and 9699.
3
What is the greatest common factor of 37787174 and 116?
58
Calculate the greatest common factor of 535 and 4216549.
107
What is the greatest common factor of 68310448 and 48?
16
Calculate the highest common divisor of 1177232 and 468188.
644
Calculate the highest common divisor of 1065 and 17199111.
213
Calculate the highest common factor of 3305 and 63537303.
661
Calculate the highest common divisor of 167265 and 1428.
21
Calculate the greatest common factor of 57 and 151611165.
57
Calculate the greatest common factor of 3099096 and 178332.
924
What is the highest common factor of 5063461 and 39?
13
What is the highest common factor of 241323 and 1146477?
771
Calculate the greatest common divisor of 12648 and 1060851.
1581
Calculate the highest common factor of 6050 and 76600.
50
What is the greatest common divisor of 347 and 32598?
1
Calculate the highest common divisor of 88 and 26377912.
88
Calculate the greatest common factor of 673 and 705429851.
673
What is the greatest common divisor of 4104 and 69572376?
1368
Calculate the greatest common factor of 92568 and 1718192.
1624
What is the greatest common factor of 3 and 102740307?
3
Calculate the greatest common factor of 44901 and 47169.
27
What is the highest common factor of 8549749 and 157?
157
What is the greatest common divisor of 1086 and 394322256?
1086
What is the highest common factor of 441 and 5892103?
49
What is the highest common divisor of 3270 and 24461780?
1090
Calculate the highest common factor of 27831735 and 3915.
3915
What is the highest common divisor of 513642461 and 47?
47
Calculate the greatest common divisor of 17000 and 853000.
1000
Calculate the highest common divisor of 336 and 7873416.
24
What is the highest common factor of 497692 and 216580?
884
Calculate the highest common divisor of 5158 and 1848116558.
5158
What is the highest common factor of 1126 and 59519234?
1126
Calculate the highest common factor of 472 and 48545908.
236
What is the highest common factor of 5508 and 150282516?
204
What is the highest common divisor of 13544993 and 77?
77
Calculate the greatest common divisor of 13932 and 289776.
12
What is the greatest common divisor of 20796184 and 90241?
2911
What is the greatest common divisor of 22 and 979783266?
22
Calculate the highest common factor of 215848390 and 3568.
446
Calculate the greatest common factor of 619311 and 107261.
539
What is the greatest common factor of 642639902 and 1591?
1591
Calculate the greatest common factor of 285179807 and 781.
781
Calculate the highest common divisor of 174 and 497784.
6
What is the highest common divisor of 1236736 and 256?
256
Calculate the greatest common divisor of 322625 and 1024657.
2581
Calculate the highest common factor of 546 and 1430754.
78
Calculate the highest common factor of 3861 and 125222955.
429
Calculate the greatest common divisor of 42884 and 65462.
142
Calculate the greatest common factor of 710 and 19247390.
710
What is the highest common divisor of 162594 and 28242?
54
Calculate the greatest common factor of 406692 and 436410.
234
What is the greatest common factor of 1877834 and 56?
14
What is the greatest common divisor of 11952 and 473847?
249
Calculate the highest common divisor of 69282 and 3589834.
2566
What is the highest common factor of 20 and 7052740?
20
What is the greatest common divisor of 4206849 and 27?
3
What is the greatest common factor of 8775684 and 126?
18
What is the greatest common factor of 59237788 and 184?
92
Calculate the highest common factor of 129633840 and 3024.
1008
Calculate the highest common divisor of 198700 and 17890.
10
What is the highest common divisor of 1593550770 and 14?
14
Calculate the highest common divisor of 6836324 and 220.
44
What is the greatest common factor of 330603 and 169367?
173
What is the greatest common factor of 1764 and 144249?
21
Calculate the highest common divisor of 25036 and 4004.
44
What is the highest common divisor of 3590153 and 6015?
401
Calculate the highest common divisor of 288 and 12443688.
72
What is the greatest common factor of 379 and 20692263?
379
Calculate the highest common divisor of 5866 and 7375491914.
5866
Calculate the highest common factor of 49751 and 224458.
1157
Calculate the greatest common factor of 342369 and 710913.
1047
What is the highest common divisor of 1098804 and 5213985?
2667
Calculate the greatest common factor of 59933108 and 1481.
1481
Calculate the highest common divisor of 52 and 22845537.
13
Calculate the greatest common divisor of 1344 and 89.
1
Calculate the highest common factor of 5684 and 1666420.
28
What is the greatest common divisor of 27400260 and 33660?
1020
Calculate the highest common factor of 899640533 and 407.
407
Calculate the highest common factor of 2231 and 54910637.
23
What is the greatest common divisor of 61317 and 2997?
81
What is the greatest common factor of 14141088 and 7776?
864
What is the highest common factor of 79105 and 130?
65
Calculate the greatest common divisor of 40 and 3206104.
8
Calculate the greatest common divisor of 15630880 and 2315.
2315
Calculate the greatest common divisor of 104 and 160594408.
104
Calculate the highest common factor of 72 and 10845612.
36
Calculate the highest common divisor of 41 and 760811.
1
What is the greatest common factor of 2325538 and 2675?
107
Calculate the greatest common factor of 133516 and 1798.
58
What is the greatest common divisor of 22200 and 554112?
888
What is the highest common divisor of 2144268 and 12?
12
What is the highest common divisor of 493 and 570836?
29
Calculate the greatest common divisor of 31622 and 10282.
194
Calculate the greatest common divisor of 102200192 and 804.
268
What is the greatest common factor of 3353252 and 28?
28
What is the greatest common divisor of 15524598 and 6822?
2274
What is the highest common divisor of 25401214 and 1178?
1178
Calculate the highest common factor of 68370709 and 9361.
407
Calculate the greatest common factor